+ 17. Let s(f) = -f**2 + 11*f - 12. Let g be s(q). Let y(j) = -7*j + 2*j**2 + j**3 + 0*j**3 + 2 + 8*j. What is y(g)?
0
Let r(f) = -12*f**2 + 14*f + 14. Let q(s) = 8*s**2 - 9*s - 9. Let o(a) = -8*q(a) - 5*r(a). Calculate o(2).
-10
Let w(y) = -4*y - 12. Let r(u) = -2 + 3 + 0. Suppose -f + 3*f = -2*v + 4, 0 = v - 2*f + 7. Let i(l) = v*w(l) - 10*r(l). Calculate i(2).
10
Let u(x) = 9*x - 3 + 4 - 2*x**2 - 4*x. Suppose -5*a + 21 = 1. Determine u(a).
-11
Let f(g) = -g**3 + 2*g - 1. Let x be 16/40 + (-6)/(-10). Determine f(x).
0
Let y(k) = -12*k - 14. Let s(b) = 2*b + 1. Let f(g) = 5*s(g) + y(g). What is f(-7)?
5
Let b(o) = 2*o**3 - 2*o**2 + o. Let w be b(1). Let a(y) = w - 5*y - 3 - y**2 - y + 0*y. Give a(-4).
6
Let z(c) = 2*c. Let x = 9 + -15. Let u(k) = -k**3 - 5*k**2 + 7*k + 9. Let f be u(x). Suppose n + f = 1. Determine z(n).
-4
Suppose -1 = -2*a + 1. Suppose -g + 3 = 2*g. Let y(x) = x + 1 - g. What is y(a)?
1
Let f(q) be the first derivative of q**3/3 + 5*q**2/2 - 3*q - 1. Let a be f(-5). Let g = a - -1. Let k(m) = 3*m + 1. Determine k(g).
-5
Let p = -4 + 7. Let n(s) = -s + 6*s - 4*s + p. Let u be n(-5). Let f(v) = -v**2 - 1. Determine f(u).
-5
Let o(g) = 1 + g**2 - 9*g + 8*g + 4. What is o(0)?
5
Suppose 3*o - o = -10, 5*o = 3*l - 34. Suppose -i = 3*i - 16. Let s(b) = -3 + 0 + l - i - 5*b - b**2. Calculate s(-4).
0
Let p(s) = -1 - s**3 - 4*s**2 + 13*s + s**2 + 0*s**2 - 15*s. Give p(-1).
-1
Suppose 0 = -0*x + x - 2. Suppose q + a = x*a - 2, 3*a = 5*q. Let s(j) = j**2 - 2*j**2 + 4*j + 3 + q. Determine s(5).
1
Let a(w) = -w**3 + 8*w**2 + 8. Let z be ((-80)/15)/(8/(-12)). Give a(z).
8
Let f(d) = d**2 - d - 17. Suppose -4*c = -8*c - 6*c. Calculate f(c).
-17
Let d(f) = 2*f + 3. Let x(g) = -g**3 - 4*g**2 + 7*g + 7. Let z be x(-5). Let q be (-2)/z + 68/(-3). Let i be 2/8 + q/(-8). Determine d(i).
9
Let u(w) = w**2 + 4*w - 3. Suppose 10 = 3*k + 4. Suppose -h + 1 - 5 = 2*b, -16 = 2*b - k*h. What is u(b)?
-3
Let w(v) = 0 - 6*v - 7*v**2 + 6*v**2 + 6. Let k be w(-7). Let m(j) = 3*j**3 - 2*j - 1. Determine m(k).
-2
Let x(p) = -8*p**2 - 8*p + 6. Let u(w) = w**2 + 1. Let d(s) = -3*u(s) + x(s). Let q(r) = -5*r**2 - 4*r + 1. Let c(a) = 4*d(a) - 9*q(a). Give c(-5).
8
Suppose -4*s - 16 + 40 = 4*r, -4*r + 29 = 5*s. Suppose s*o - 7 = 3. Let d(u) = -u**2 + 2*u + 2. Determine d(o).
2
Let d(u) = 5*u**3 + 9*u + 1. Let r(c) = 14*c**3 + 26*c + 3. Let y(f) = -17*d(f) + 6*r(f). Determine y(-2).
3
Let d(y) be the third derivative of -y**4/24 - 5*y**3/6 + 13*y**2. What is d(-6)?
1
Let z(k) be the second derivative of k**4/12 - 2*k**3 + 5*k**2/2 - 50*k. Calculate z(8).
-27
Let c(u) be the third derivative of 1/24*u**4 - 1/6*u**3 + 4*u**2 + 0 + 0*u. Give c(4).
3
Let y(d) = 3*d**3 - 8*d + 6*d - 4 - 2*d**3 + 2*d**2. Determine y(-3).
-7
Let l(g) = -g - 3. Let t be 287/63 - (-4)/9. Give l(t).
-8
Let a(n) = -n. Let i(p) = p - 1. Let r(t) = -2*a(t) - i(t). Let z be 2 + (5 - 2 - 1). Determine r(z).
5
Suppose -5*c + 4 = -4*c. Let r(b) be the third derivative of 0*b**3 + 0*b - 1/24*b**c + 0 - b**2. Give r(-1).
1
Let g(i) = i**2 + 5*i + 7. Let n be g(-4). Let y(m) = m**2 - m**n - 4*m + 4 + 6*m**2 - 2*m**2. What is y(3)?
10
Let d(k) be the third derivative of -9*k**2 + 0*k + 0 + 0*k**3 - 1/10*k**5 + 1/24*k**4 - 1/120*k**6. Calculate d(-6).
-6
Let t(r) be the first derivative of 2*r**3/3 - r**2 + 3*r - 12. What is t(2)?
7
Let o = 63 - 66. Let h(l) = l**2 + 4*l. Calculate h(o).
-3
Suppose -2*u + 4*u = 5*d - 16, 12 = 3*d - 2*u. Let p(j) = 2 - 7 + d*j + 2. Give p(2).
1
Let j(w) be the second derivative of 5*w + 5/6*w**3 - 5/2*w**2 + 1/12*w**4 + 0. Determine j(-6).
1
Let y be 22/(-4) + (-9)/(-6). Let q(l) = -1 - l + 1. Let w(h) = -4. Let u(c) = -3*q(c) - w(c). Determine u(y).
-8
Let n(c) = 2*c**2 + 4*c + 1. Let d be (8/(-6))/(2/(-3)). Let b = 7 + -1. Suppose d*g = -0 - b. Give n(g).
7
Let d(i) = -i**2 - 7. Suppose -3*t + 4 + 11 = 0. Suppose -a = l - 2, t*a = 2*l + 4*a - 16. Let j = l - 6. What is d(j)?
-7
Let w(f) = -13*f**2 - f. Let p = -7 - -11. Let r(a) = -a + 7. Let x be r(p). Suppose 0 = x*v + 3. Calculate w(v).
-12
Let c(w) be the first derivative of 0*w**2 + 6*w + w**2 + 1 - 4*w - 6. What is c(-7)?
-12
Suppose 4 = 3*p - 2*p. Suppose 12 = -d + p*d. Let x(g) = 2*g**3 + 4*g**2 + 5*g + 1. Let t(n) = n**3 + 4*n**2 + 4*n. Let h(b) = 3*t(b) - 2*x(b). Give h(d).
6
Let x(k) = -2*k - 2. Let n = -17 - -12. Suppose -10 = q + 4*d, 2*q - q - 10 = d. Let u be (1 - n)/(q/(-4)). What is x(u)?
6
Suppose -z + 21 = 2*z. Let x = -10 - 2. Let m = x + z. Let r(c) = c**3 + 6*c**2 + 5*c + 1. Calculate r(m).
1
Let h = 65 - 60. Let x(j) = 3*j - 4. Calculate x(h).
11
Let h = 0 + 2. Let f(v) = v**3 + 0*v**3 - 89*v + 2 + 87*v. Calculate f(h).
6
Let p(s) = s**3 - 4*s**2 + s. Let w(t) = -t**3 - 7*t**2 + 4. Suppose -3 = i + 4. Let q be w(i). Give p(q).
4
Let s be (-4)/7*(-14)/4. Let i(n) = 3*n**2 + 1 + n + 5 - 4*n**2 + s*n. Let d = 1 - -4. Calculate i(d).
-4
Let g(q) = -q**2 + 6*q - 2. Let f(n) = -n + 1. Let w = 1 + 5. Let k(y) = w*f(y) + g(y). Determine k(4).
-12
Let p = 2 - 5. Suppose -2*r + 2 = -0*r. Let h(w) = 0 + 0 - 3 - 5*w - r. Calculate h(p).
11
Let l(j) = -j + 1. Let w be l(-1). Let q(p) = w*p - 2 - 4*p + p + 1. Calculate q(0).
-1
Let u(n) = n + 3 - 2 - n**3 + 8*n**3. Determine u(-1).
-7
Let y(k) = -k**3 - 13*k**2 + 14*k - 5. Let z be y(-14). Let a(g) = -2*g - 2. Give a(z).
8
Let w(o) = -5*o**2 + 2. Let h = -10 - -14. Suppose -3*u = -5*u + h. Let r(g) = -20*g**2 + 9. Let m(s) = u*r(s) - 9*w(s). Determine m(-1).
5
Suppose 5*l - 22 = -2*h, h - 50 = -5*l + 6*h. Let u(x) = 2*x + 2. Determine u(l).
14
Let k(t) = -2*t**2 + t. Let g be -10 + 2*-1 - 1. Let v = 18 + g. Suppose -v*a = -3*a - 2*n, -n + 3 = -4*a. What is k(a)?
-3
Let b(y) = 5*y**3 + 16*y**2 + 12*y - 11. Let o(f) = -2 - 2 + f**3 + 3*f + 4*f**2 + 1 + 0*f. Let a(v) = 2*b(v) - 9*o(v). What is a(4)?
-7
Let f(m) = m**3 + 2*m**2 - 2*m - 2. Let b be f(-2). Let c(g) = g**b - 2 + 2*g - 6*g - g - 2*g**2. Determine c(-4).
2
Let k be 26/6 - 2/(-3). Let b(a) be the second derivative of a**4/12 - 2*a**3/3 + 2*a - 24. Determine b(k).
5
Let z(r) = r**3 + 7*r**2 + 4*r. Let t be z(-6). Suppose 3*i = t + 9. Let w(x) = -i*x - 3 + 2 + 0. Calculate w(-1).
6
Let g(u) = -3*u + 4*u + 0*u + u**2 - 2*u**2. Let m be ((-2)/(-5))/(1/(-5)). Give g(m).
-6
Let j(g) = -g - 1. Let w(u) = -6*u - 11. Let p(r) = -5*j(r) + w(r). Give p(5).
-11
Let f(a) = -5*a + 3. Let k be 1*(8/(-1) - -3). Let p = -4 - k. Let o = p - -1. Give f(o).
-7
Suppose -20 = -2*x + x - 5*n, 4*n = 4*x - 8. Suppose 3 + x = -4*d. Let f(h) = -h**2 - 4*h - 2. Give f(d).
2
Suppose 4*g - 10 = -3*q + 4, 5*q + 3*g - 16 = 0. Let s(m) = -m**3 + 3*m**2 - m - 1. Let p be s(q). Let h = 2 - p. Let i(a) = -6*a**2 + a - 1. Give i(h).
-6
Let y(g) = -g**3 + 3*g - 1. Suppose -20 = -5*q - 55. Let b = q + 9. Give y(b).
-3
Suppose -5*d + 0*d = -40. Suppose -f = 3*f - d. Let m(u) = -u**2 + 3 - 5 + 2*u**2. Determine m(f).
2
Let i(y) = y**3 + 8*y**2 + y + 2. Suppose -15 = 3*t + 9. What is i(t)?
-6
Let k be 16/(-6)*6/(-4). Let i(b) be the first derivative of -b**2/2 + b - 1. Calculate i(k).
-3
Let a(h) = h + 1. Let g be a(0). Let b be 7/2 + g/(-2). Let d(t) = t + 3. Let c(s) = 2*s + 19. Let z(f) = -c(f) + 6*d(f). Give z(b).
11
Let w(y) = y**2 - 5*y - 6. Let n = 6 + 0. Determine w(n).
0
Let w = 2 - 0. Suppose p - 6 = -w*f - 1, 25 = 4*f + 5*p. Let a(d) be the third derivative of -d**6/120 - d**5/60 - d**4/24 - 5*d**3/6 + 8*d**2. Determine a(f).
-5
Let d(z) be the first derivative of -3*z**2/2 + 2*z - 9. What is d(-2)?
8
Suppose 0 = -4*u + 8 + 8. Let q be 260/16 + (-1)/u. Let a = 10 - q. Let v(k) = -k**2 - 5*k. What is v(a)?
-6
Let o(d) be the second derivative of -d**4/2 - d**3/6 + d**2/2 + d. Suppose 4*n - 11 = 3*i + 3, -n + 12 = -5*i. Let x be n/((-3)/((-6)/4)). Give o(x).
-6
Let s be 2/(-5) - 51/(-15). Suppose 0 = -x + s. Let n(f) = -6*f**3 - 2 + 2*f**2 + 7*f**x - 4*f**2. What is n(3)?
7
Let r(m) = 3*m - 3*m - 3 - 2*m. Give r(-2).
1
Let h(u) = 4*u - 7. Let a(c) = -5*c + 6. Let n(f) = -6*a(f) - 5*h(f). Let x be 3 + 6/(9/(-3)). Give n(x).
9
Let b = 50 + -47. Let g be ((-12)/10)/(2/(-10)). Let s(m) = 3 - 6 - b*m + g*m. Calculate s(4).
9
Let m(v) be the first derivative of v**3/3 - 2*v**2 - 2*v - 2. Let y(w) = w + 4. Let k be y(-7). Let o = 2 - k.